{"id":997,"date":"2023-03-08T17:58:29","date_gmt":"2023-03-08T16:58:29","guid":{"rendered":"https:\/\/dev.waldorfcampus-hn.de\/?page_id=997"},"modified":"2025-05-06T16:23:27","modified_gmt":"2025-05-06T14:23:27","slug":"impressum","status":"publish","type":"page","link":"https:\/\/waldorfcampus-hn.de\/einfach\/impressum\/","title":{"rendered":"Impressum"},"content":{"rendered":"<p><div id=\"top\" class=\"fusion-container-anchor\"><div class=\"fusion-bg-parallax\" data-bg-align=\"center center\" data-direction=\"up\" data-mute=\"false\" data-opacity=\"100\" data-velocity=\"-0.1\" data-mobile-enabled=\"false\" data-break_parents=\"0\" data-bg-image=\"https:\/\/waldorfcampus-hn.de\/wp-content\/uploads\/2023\/08\/waldorfcampus-team-banner-D-1.jpg\" data-bg-repeat=\"false\" ><\/div><div class=\"fusion-fullwidth fullwidth-box fusion-builder-row-1 fusion-flex-container has-pattern-background has-mask-background fusion-parallax-up hundred-percent-fullwidth non-hundred-percent-height-scrolling fusion-animated home-no\" style=\"--awb-border-radius-top-left:0px;--awb-border-radius-top-right:0px;--awb-border-radius-bottom-right:0px;--awb-border-radius-bottom-left:0px;--awb-min-height:600px;--awb-background-image:url(&quot;https:\/\/waldorfcampus-hn.de\/wp-content\/uploads\/2023\/08\/waldorfcampus-team-banner-D-1.jpg&quot;);--awb-background-size:cover;--awb-flex-wrap:wrap;\" data-animationtype=\"fadeIn\" data-animationduration=\"0.5\" data-animationoffset=\"top-into-view\" ><div class=\"fusion-builder-row fusion-row fusion-flex-align-items-center fusion-flex-align-content-center fusion-flex-justify-content-center fusion-flex-content-wrap\" style=\"width:104% !important;max-width:104% !important;margin-left: calc(-4% \/ 2 );margin-right: calc(-4% \/ 2 );\"><div class=\"fusion-layout-column fusion_builder_column fusion-builder-column-0 fusion_builder_column_1_1 1_1 fusion-flex-column fusion-flex-align-self-center\" style=\"--awb-z-index:5;--awb-padding-top:0px;--awb-padding-right:6vw;--awb-padding-bottom:0px;--awb-padding-left:6vw;--awb-bg-size:cover;--awb-width-large:100%;--awb-margin-top-large:0px;--awb-spacing-right-large:1.92%;--awb-margin-bottom-large:0px;--awb-spacing-left-large:1.92%;--awb-width-medium:100%;--awb-order-medium:0;--awb-spacing-right-medium:1.92%;--awb-spacing-left-medium:1.92%;--awb-width-small:100%;--awb-order-small:0;--awb-spacing-right-small:1.92%;--awb-spacing-left-small:1.92%;\"><div class=\"fusion-column-wrapper fusion-column-has-shadow fusion-flex-justify-content-flex-start fusion-content-layout-column\"><div class=\"fusion-title title fusion-title-1 fusion-sep-none fusion-title-center fusion-title-text fusion-title-size-three\" style=\"--awb-text-color:var(--awb-color6);\"><h3 class=\"fusion-title-heading title-heading-center md-text-align-left fusion-responsive-typography-calculated\" style=\"margin:0;--fontSize:65;line-height:var(--awb-typography1-line-height);\">IMPRESSUM<\/h3><\/div><\/div><\/div><\/div><\/div><\/div><div class=\"fusion-fullwidth fullwidth-box fusion-builder-row-2 fusion-flex-container has-pattern-background has-mask-background nonhundred-percent-fullwidth non-hundred-percent-height-scrolling\" style=\"--awb-border-radius-top-left:0px;--awb-border-radius-top-right:0px;--awb-border-radius-bottom-right:0px;--awb-border-radius-bottom-left:0px;--awb-background-color:#fff4d8;--awb-flex-wrap:wrap;\" ><div class=\"fusion-builder-row fusion-row fusion-flex-align-items-flex-start fusion-flex-justify-content-center fusion-flex-content-wrap\" style=\"max-width:1248px;margin-left: calc(-4% \/ 2 );margin-right: calc(-4% \/ 2 );\"><div class=\"fusion-layout-column fusion_builder_column fusion-builder-column-1 fusion_builder_column_1_1 1_1 fusion-flex-column fusion-flex-align-self-flex-start\" style=\"--awb-z-index:5;--awb-bg-size:cover;--awb-width-large:100%;--awb-margin-top-large:0px;--awb-spacing-right-large:0px;--awb-margin-bottom-large:20px;--awb-spacing-left-large:0px;--awb-width-medium:100%;--awb-order-medium:0;--awb-spacing-right-medium:0px;--awb-spacing-left-medium:0px;--awb-width-small:100%;--awb-order-small:0;--awb-spacing-right-small:1.92%;--awb-spacing-left-small:1.92%;\"><div class=\"fusion-column-wrapper fusion-column-has-shadow fusion-flex-justify-content-flex-start fusion-content-layout-column\"><div class=\"fusion-separator fusion-full-width-sep\" style=\"align-self: center;margin-left: auto;margin-right: auto;margin-top:50px;margin-bottom:50px;width:100%;\"><\/div><div class=\"fusion-title title fusion-title-2 fusion-sep-none fusion-title-text fusion-title-size-five\"><h5 class=\"fusion-title-heading title-heading-left fusion-responsive-typography-calculated\" style=\"margin:0;--fontSize:45;line-height:var(--awb-typography1-line-height);\">Verantwortlich f\u00fcr den Inhalt<\/h5><\/div><div class=\"fusion-separator fusion-full-width-sep\" style=\"align-self: center;margin-left: auto;margin-right: auto;margin-top:10px;margin-bottom:10px;width:100%;\"><\/div><div class=\"fusion-text fusion-text-1\"><p>Verein f\u00fcr Waldorfp\u00e4dagogik Unterland e.V.<br \/>\nMax-von-Laue-Stra\u00dfe 4<br \/>\n74081 Heilbronn<br \/>\nE-Mail:\u00a0<a href=\"mailto:post@waldorfcampus-hn.de\">post@waldorfcampus-hn.de<\/a><\/p>\n<p>(VR 100986 beim Amtsgericht Stuttgart)<\/p>\n<\/div><div class=\"fusion-text fusion-text-2\"><p>Mitglied im Deutschen Parit\u00e4tischen Wohlfahrtsverband<\/p>\n<\/div><div class=\"fusion-separator fusion-full-width-sep\" style=\"align-self: center;margin-left: auto;margin-right: auto;margin-top:30px;margin-bottom:30px;width:100%;\"><\/div><div class=\"fusion-text fusion-text-3\" style=\"--awb-font-size:22px;--awb-text-color:var(--awb-color8);--awb-text-font-family:&quot;antropos&quot;;--awb-text-font-style:normal;--awb-text-font-weight:400;\"><p>Gestaltung und technische Umsetzung der Website<\/p>\n<\/div><div class=\"fusion-image-element\" style=\"text-align:left;--awb-max-width:90px;--awb-caption-title-font-family:var(--h2_typography-font-family);--awb-caption-title-font-weight:var(--h2_typography-font-weight);--awb-caption-title-font-style:var(--h2_typography-font-style);--awb-caption-title-size:var(--h2_typography-font-size);--awb-caption-title-transform:var(--h2_typography-text-transform);--awb-caption-title-line-height:var(--h2_typography-line-height);--awb-caption-title-letter-spacing:var(--h2_typography-letter-spacing);\"><span class=\"fusion-imageframe imageframe-none imageframe-1 hover-type-none\"><a class=\"fusion-no-lightbox\" href=\"https:\/\/www.farbenmetzgerei.de\" target=\"_blank\" aria-label=\"waldorfcampus-impressum-fame\" rel=\"noopener noreferrer\"><img fetchpriority=\"high\" decoding=\"async\" width=\"500\" height=\"400\" src=\"https:\/\/waldorfcampus-hn.de\/wp-content\/uploads\/2023\/09\/waldorfcampus-impressum-fame.png\" alt class =\"img-responsive wp-image-4168\" srcset=\"https:\/\/waldorfcampus-hn.de\/wp-content\/uploads\/2023\/09\/waldorfcampus-impressum-fame-200x160.png 200w, https:\/\/waldorfcampus-hn.de\/wp-content\/uploads\/2023\/09\/waldorfcampus-impressum-fame-400x320.png 400w, https:\/\/waldorfcampus-hn.de\/wp-content\/uploads\/2023\/09\/waldorfcampus-impressum-fame.png 500w\" sizes=\"(max-width: 640px) 100vw, 500px\" \/><\/a><\/span><\/div><div class=\"fusion-separator fusion-full-width-sep\" style=\"align-self: center;margin-left: auto;margin-right: auto;margin-top:40px;margin-bottom:40px;width:100%;\"><\/div><\/div><\/div><\/div><\/div><div class=\"fusion-fullwidth fullwidth-box fusion-builder-row-3 fusion-flex-container has-pattern-background has-mask-background nonhundred-percent-fullwidth non-hundred-percent-height-scrolling\" style=\"--awb-border-radius-top-left:0px;--awb-border-radius-top-right:0px;--awb-border-radius-bottom-right:0px;--awb-border-radius-bottom-left:0px;--awb-flex-wrap:wrap;\" ><div class=\"fusion-builder-row fusion-row fusion-flex-align-items-flex-start fusion-flex-content-wrap\" style=\"max-width:1248px;margin-left: calc(-4% \/ 2 );margin-right: calc(-4% \/ 2 );\"><div class=\"fusion-layout-column fusion_builder_column fusion-builder-column-2 fusion_builder_column_1_1 1_1 fusion-flex-column fusion-flex-align-self-center\" style=\"--awb-padding-right-small:0px;--awb-padding-left-small:0px;--awb-overflow:hidden;--awb-bg-size:cover;--awb-border-radius:30px 30px 30px 30px;--awb-width-large:100%;--awb-margin-top-large:0px;--awb-spacing-right-large:0px;--awb-margin-bottom-large:20px;--awb-spacing-left-large:0px;--awb-width-medium:100%;--awb-order-medium:0;--awb-spacing-right-medium:0px;--awb-spacing-left-medium:0px;--awb-width-small:100%;--awb-order-small:0;--awb-spacing-right-small:1.92%;--awb-spacing-left-small:1.92%;\" data-scroll-devices=\"small-visibility,medium-visibility,large-visibility\"><div class=\"fusion-column-wrapper fusion-column-has-shadow fusion-flex-justify-content-flex-start fusion-content-layout-column\"><div class=\"fusion-separator fusion-full-width-sep\" style=\"align-self: center;margin-left: auto;margin-right: auto;margin-top:40px;margin-bottom:40px;width:100%;\"><\/div><div class=\"fusion-title title fusion-title-3 fusion-sep-none fusion-title-text fusion-title-size-five\"><h5 class=\"fusion-title-heading title-heading-left fusion-responsive-typography-calculated\" style=\"margin:0;--fontSize:45;line-height:var(--awb-typography1-line-height);\">Haftungsausschluss (Disclaimer)<\/h5><\/div><div class=\"fusion-separator fusion-full-width-sep\" style=\"align-self: center;margin-left: auto;margin-right: auto;margin-top:10px;margin-bottom:10px;width:100%;\"><\/div><div class=\"fusion-text fusion-text-4\"><h6>Wer ist verantwortlich f\u00fcr die Inhalte?<\/h6>\n<p>Wir geben uns M\u00fche, dass alle Informationen auf unserer Website richtig und aktuell sind. Wenn uns Inhalte selbst geh\u00f6ren, sind wir daf\u00fcr verantwortlich.<\/p>\n<p>Wir m\u00fcssen aber nicht st\u00e4ndig kontrollieren, ob fremde Informationen (zum Beispiel von anderen) gegen Gesetze versto\u00dfen. Wenn wir erfahren, dass etwas nicht erlaubt ist, entfernen wir es sofort.<\/p>\n<h6>Was ist mit Links zu anderen Seiten?<\/h6>\n<p>Unsere Website hat Links zu anderen Internetseiten. Diese Seiten geh\u00f6ren anderen. Wir k\u00f6nnen deshalb nicht sagen, ob dort alles richtig oder erlaubt ist. F\u00fcr diese Inhalte sind die jeweiligen Betreiber selbst verantwortlich.<\/p>\n<p>Als wir die Links eingef\u00fcgt haben, war alles in Ordnung. Wenn wir sp\u00e4ter merken, dass auf einer verlinkten Seite ein Fehler ist oder ein Gesetz verletzt wird, l\u00f6schen wir den Link.<\/p>\n<h6>Was ist mit Bildern, Texten oder anderen Werken?<\/h6>\n<p>Alle Texte, Bilder oder andere Inhalte auf unserer Seite geh\u00f6ren uns oder wir d\u00fcrfen sie benutzen. Sie sind durch das Urheberrecht gesch\u00fctzt. Das hei\u00dft: Niemand darf sie einfach kopieren, ver\u00e4ndern oder verbreiten \u2013 au\u00dfer wir sagen schriftlich Ja. Nur f\u00fcr den privaten, also pers\u00f6nlichen Gebrauch darf man Inhalte speichern oder ausdrucken.<\/p>\n<p>Wenn Inhalte von anderen Personen oder Stellen stammen, sagen wir das deutlich. Falls trotzdem jemand bemerkt, dass das Urheberrecht verletzt wurde, bitten wir um eine Nachricht. Wir pr\u00fcfen das sofort und entfernen den Inhalt, wenn n\u00f6tig.<\/p>\n<\/div><\/div><\/div><\/div><\/div><div class=\"fusion-fullwidth fullwidth-box fusion-builder-row-4 fusion-flex-container has-pattern-background has-mask-background nonhundred-percent-fullwidth non-hundred-percent-height-scrolling\" style=\"--awb-border-radius-top-left:0px;--awb-border-radius-top-right:0px;--awb-border-radius-bottom-right:0px;--awb-border-radius-bottom-left:0px;--awb-flex-wrap:wrap;\" ><div class=\"fusion-builder-row fusion-row fusion-flex-align-items-flex-start fusion-flex-content-wrap\" style=\"max-width:1248px;margin-left: calc(-4% \/ 2 );margin-right: calc(-4% \/ 2 );\"><div class=\"fusion-layout-column fusion_builder_column fusion-builder-column-3 fusion_builder_column_1_1 1_1 fusion-flex-column\" style=\"--awb-bg-size:cover;--awb-width-large:100%;--awb-margin-top-large:0px;--awb-spacing-right-large:1.92%;--awb-margin-bottom-large:20px;--awb-spacing-left-large:1.92%;--awb-width-medium:100%;--awb-order-medium:0;--awb-spacing-right-medium:1.92%;--awb-spacing-left-medium:1.92%;--awb-width-small:100%;--awb-order-small:0;--awb-spacing-right-small:1.92%;--awb-spacing-left-small:1.92%;\"><div class=\"fusion-column-wrapper fusion-column-has-shadow fusion-flex-justify-content-flex-start fusion-content-layout-column\"><div class=\"fusion-separator fusion-full-width-sep\" style=\"align-self: center;margin-left: auto;margin-right: auto;margin-top:60px;margin-bottom:60px;width:100%;\"><\/div><\/div><\/div><\/div><\/div><\/p>","protected":false},"excerpt":{"rendered":"","protected":false},"author":1,"featured_media":0,"parent":0,"menu_order":0,"comment_status":"closed","ping_status":"closed","template":"100-width.php","meta":{"inline_featured_image":false,"footnotes":""},"class_list":["post-997","page","type-page","status-publish","hentry"],"yoast_head":"<!-- This site is optimized with the Yoast SEO plugin v26.8 - https:\/\/yoast.com\/product\/yoast-seo-wordpress\/ -->\n<title>Impressum - Waldorfcampus - Heilbronn<\/title>\n<meta name=\"description\" content=\"Verein f\u00fcr Waldorfp\u00e4dagogik Unterland e.V. - Max-von-Laue-Stra\u00dfe 4 - 74081 Heilbronn - E-Mail: post@waldorfcampus-hn.de\" \/>\n<meta name=\"robots\" content=\"index, follow, max-snippet:-1, max-image-preview:large, max-video-preview:-1\" \/>\n<link rel=\"canonical\" href=\"https:\/\/waldorfcampus-hn.de\/einfach\/impressum\/\" \/>\n<meta property=\"og:locale\" content=\"de_DE\" \/>\n<meta property=\"og:type\" content=\"article\" \/>\n<meta property=\"og:title\" content=\"Impressum - Waldorfcampus - Heilbronn\" \/>\n<meta property=\"og:description\" content=\"Verein f\u00fcr Waldorfp\u00e4dagogik Unterland e.V. - Max-von-Laue-Stra\u00dfe 4 - 74081 Heilbronn - E-Mail: post@waldorfcampus-hn.de\" \/>\n<meta property=\"og:url\" content=\"https:\/\/waldorfcampus-hn.de\/einfach\/impressum\/\" \/>\n<meta property=\"og:site_name\" content=\"Waldorfcampus - Heilbronn\" \/>\n<meta property=\"article:modified_time\" content=\"2025-05-06T14:23:27+00:00\" \/>\n<meta name=\"twitter:card\" content=\"summary_large_image\" \/>\n<meta name=\"twitter:label1\" content=\"Gesch\u00e4tzte Lesezeit\" \/>\n\t<meta name=\"twitter:data1\" content=\"2\u00a0Minuten\" \/>\n<script type=\"application\/ld+json\" class=\"yoast-schema-graph\">{\"@context\":\"https:\/\/schema.org\",\"@graph\":[{\"@type\":\"WebPage\",\"@id\":\"https:\/\/waldorfcampus-hn.de\/impressum\/\",\"url\":\"https:\/\/waldorfcampus-hn.de\/impressum\/\",\"name\":\"Impressum - Waldorfcampus - Heilbronn\",\"isPartOf\":{\"@id\":\"https:\/\/waldorfcampus-hn.de\/#website\"},\"datePublished\":\"2023-03-08T16:58:29+00:00\",\"dateModified\":\"2025-05-06T14:23:27+00:00\",\"description\":\"Verein f\u00fcr Waldorfp\u00e4dagogik Unterland e.V. - Max-von-Laue-Stra\u00dfe 4 - 74081 Heilbronn - E-Mail: post@waldorfcampus-hn.de\",\"breadcrumb\":{\"@id\":\"https:\/\/waldorfcampus-hn.de\/impressum\/#breadcrumb\"},\"inLanguage\":\"de\",\"potentialAction\":[{\"@type\":\"ReadAction\",\"target\":[\"https:\/\/waldorfcampus-hn.de\/impressum\/\"]}]},{\"@type\":\"BreadcrumbList\",\"@id\":\"https:\/\/waldorfcampus-hn.de\/impressum\/#breadcrumb\",\"itemListElement\":[{\"@type\":\"ListItem\",\"position\":1,\"name\":\"Startseite\",\"item\":\"https:\/\/waldorfcampus-hn.de\/\"},{\"@type\":\"ListItem\",\"position\":2,\"name\":\"Impressum\"}]},{\"@type\":\"WebSite\",\"@id\":\"https:\/\/waldorfcampus-hn.de\/#website\",\"url\":\"https:\/\/waldorfcampus-hn.de\/\",\"name\":\"Waldorfcampus - Heilbronn\",\"description\":\"Kindertagesst\u00e4tten in Heilbronn &amp; Lauffen | Freie Waldorfschule Heilbronn mit staatlich anerkanntem Realschulabschlu\u00df und Abitur\",\"potentialAction\":[{\"@type\":\"SearchAction\",\"target\":{\"@type\":\"EntryPoint\",\"urlTemplate\":\"https:\/\/waldorfcampus-hn.de\/?s={search_term_string}\"},\"query-input\":{\"@type\":\"PropertyValueSpecification\",\"valueRequired\":true,\"valueName\":\"search_term_string\"}}],\"inLanguage\":\"de\"}]}<\/script>\n<!-- \/ Yoast SEO plugin. -->","yoast_head_json":{"title":"Impressum - Waldorfcampus - Heilbronn","description":"Verein f\u00fcr Waldorfp\u00e4dagogik Unterland e.V. - Max-von-Laue-Stra\u00dfe 4 - 74081 Heilbronn - E-Mail: post@waldorfcampus-hn.de","robots":{"index":"index","follow":"follow","max-snippet":"max-snippet:-1","max-image-preview":"max-image-preview:large","max-video-preview":"max-video-preview:-1"},"canonical":"https:\/\/waldorfcampus-hn.de\/einfach\/impressum\/","og_locale":"de_DE","og_type":"article","og_title":"Impressum - Waldorfcampus - Heilbronn","og_description":"Verein f\u00fcr Waldorfp\u00e4dagogik Unterland e.V. - Max-von-Laue-Stra\u00dfe 4 - 74081 Heilbronn - E-Mail: post@waldorfcampus-hn.de","og_url":"https:\/\/waldorfcampus-hn.de\/einfach\/impressum\/","og_site_name":"Waldorfcampus - Heilbronn","article_modified_time":"2025-05-06T14:23:27+00:00","twitter_card":"summary_large_image","twitter_misc":{"Gesch\u00e4tzte Lesezeit":"2\u00a0Minuten"},"schema":{"@context":"https:\/\/schema.org","@graph":[{"@type":"WebPage","@id":"https:\/\/waldorfcampus-hn.de\/impressum\/","url":"https:\/\/waldorfcampus-hn.de\/impressum\/","name":"Impressum - Waldorfcampus - Heilbronn","isPartOf":{"@id":"https:\/\/waldorfcampus-hn.de\/#website"},"datePublished":"2023-03-08T16:58:29+00:00","dateModified":"2025-05-06T14:23:27+00:00","description":"Verein f\u00fcr Waldorfp\u00e4dagogik Unterland e.V. - Max-von-Laue-Stra\u00dfe 4 - 74081 Heilbronn - E-Mail: post@waldorfcampus-hn.de","breadcrumb":{"@id":"https:\/\/waldorfcampus-hn.de\/impressum\/#breadcrumb"},"inLanguage":"de","potentialAction":[{"@type":"ReadAction","target":["https:\/\/waldorfcampus-hn.de\/impressum\/"]}]},{"@type":"BreadcrumbList","@id":"https:\/\/waldorfcampus-hn.de\/impressum\/#breadcrumb","itemListElement":[{"@type":"ListItem","position":1,"name":"Startseite","item":"https:\/\/waldorfcampus-hn.de\/"},{"@type":"ListItem","position":2,"name":"Impressum"}]},{"@type":"WebSite","@id":"https:\/\/waldorfcampus-hn.de\/#website","url":"https:\/\/waldorfcampus-hn.de\/","name":"Waldorfcampus - Heilbronn","description":"Kindertagesst\u00e4tten in Heilbronn &amp; Lauffen | Freie Waldorfschule Heilbronn mit staatlich anerkanntem Realschulabschlu\u00df und Abitur","potentialAction":[{"@type":"SearchAction","target":{"@type":"EntryPoint","urlTemplate":"https:\/\/waldorfcampus-hn.de\/?s={search_term_string}"},"query-input":{"@type":"PropertyValueSpecification","valueRequired":true,"valueName":"search_term_string"}}],"inLanguage":"de"}]}},"_links":{"self":[{"href":"https:\/\/waldorfcampus-hn.de\/einfach\/wp-json\/wp\/v2\/pages\/997","targetHints":{"allow":["GET"]}}],"collection":[{"href":"https:\/\/waldorfcampus-hn.de\/einfach\/wp-json\/wp\/v2\/pages"}],"about":[{"href":"https:\/\/waldorfcampus-hn.de\/einfach\/wp-json\/wp\/v2\/types\/page"}],"author":[{"embeddable":true,"href":"https:\/\/waldorfcampus-hn.de\/einfach\/wp-json\/wp\/v2\/users\/1"}],"replies":[{"embeddable":true,"href":"https:\/\/waldorfcampus-hn.de\/einfach\/wp-json\/wp\/v2\/comments?post=997"}],"version-history":[{"count":18,"href":"https:\/\/waldorfcampus-hn.de\/einfach\/wp-json\/wp\/v2\/pages\/997\/revisions"}],"predecessor-version":[{"id":5958,"href":"https:\/\/waldorfcampus-hn.de\/einfach\/wp-json\/wp\/v2\/pages\/997\/revisions\/5958"}],"wp:attachment":[{"href":"https:\/\/waldorfcampus-hn.de\/einfach\/wp-json\/wp\/v2\/media?parent=997"}],"curies":[{"name":"wp","href":"https:\/\/api.w.org\/{rel}","templated":true}]}}